me factors of v.
7, 13
Let w(u) be the third derivative of -u**5/60 - 5*u**4/6 - 7*u**3/2 + 10*u**2. What are the prime factors of w(-14)?
3, 7
Let t(g) = -3*g**2 - 15*g + 5. Let u be t(-3). Let r = u - -283. List the prime factors of r.
2, 3, 17
Let f(a) = 109*a**2 - 11*a + 3. List the prime factors of f(-3).
3, 113
Suppose -4*w = 3*w - 6468. What are the prime factors of w?
2, 3, 7, 11
Let r = -579 + 1771. List the prime factors of r.
2, 149
Suppose -6*a = 66 - 0. Let y(m) = -m**2 - 23*m - 36. List the prime factors of y(a).
2, 3
Suppose -5*m + 13 = -762. Let y = m + -435. What are the prime factors of 1/(-3) - y/12?
23
Let t(v) = -v**3 - 4*v**2 + 8*v - 1. Let p(q) = q**2 + 3*q + 3. Let m be p(-3). Suppose w - 10 = 2*i, -4*i - 25 = -m*w - 7. What are the prime factors of t(i)?
23
Let a be (16/(-32))/(2/(-4)). Let h(u) = 10*u**2 - 3*u + 2. What are the prime factors of h(a)?
3
Suppose 2 = -3*n - 4*l, -5*l + 13 = -2*n - 2*n. Let v(i) = 7*i + 1. Let q be v(-1). List the prime factors of n/(q/33*1).
11
Suppose 2*l - 122 = -2*n + 8, 0 = -4*l - 12. List the prime factors of n.
2, 17
Suppose w - 30 = 34. Suppose -3*a + 299 = -w. What are the prime factors of a?
11
Let f = -295 + 1883. What are the prime factors of f?
2, 397
Let t = -502 - -784. What are the prime factors of t?
2, 3, 47
Let f(t) = 207*t + 16. What are the prime factors of f(9)?
1879
Let b(g) = -g**2 + 5*g + 1. Let n be b(-3). What are the prime factors of n*(0 - 3) + -1 + 3?
71
Let b(x) = -x**3 + 5*x**2 - 5*x + 1. Let i be b(3). Suppose -3*z = -5*n + 86, -i*n - z + 6*z + 61 = 0. What are the prime factors of n?
19
Let a(y) = y**3 - 2*y**2 - y. Let h = 1 + 1. Let z be 7 - 5 - (-2)/h. What are the prime factors of a(z)?
2, 3
What are the prime factors of (-11 - (6 - 4)/2)*-3?
2, 3
Suppose 4*f = -y - f + 64, 3*f = -5*y + 210. Let k = 11 + y. Let m = k + -26. List the prime factors of m.
2, 3
Let f = 382 - 126. What are the prime factors of f?
2
Let p(z) = 32*z**3 + 5*z**2 + 24*z - 103. What are the prime factors of p(5)?
2, 19, 109
Suppose -3*g - 3*n = -9, n + 4 = 2*g + 4*n. Suppose 0 = -0*y - g*y + 10, 0 = -4*h - 3*y + 158. Let p = h + 42. What are the prime factors of p?
2, 5
List the prime factors of 6/4*21/(252/1864).
233
List the prime factors of (-1727)/(-15) + 30/(-225).
5, 23
Let a = -19 - -19. Suppose 5*q = -5*l + 165, a = -4*l - l + 5*q + 115. List the prime factors of l*-2*30/(-40).
2, 3, 7
Let c be 7 - (-1 + (-12)/(-4)). Suppose 6*b - 2*z - 274 = 3*b, 2*b - 168 = c*z. List the prime factors of b.
2, 47
Let s(d) = d**2 - 14*d + 12. Let j be s(14). Suppose 3*t - 4*t - j = -3*w, -2*w = -5*t - 21. Suppose -w*m - 24 = -6*m. What are the prime factors of m?
2
Let b = 114 + -53. Suppose -u - 17 = b. List the prime factors of (2/6)/((-1)/u).
2, 13
Let g(i) = -i**2 - 6*i - 2. Let n be g(-4). Let y = -11 + n. Let t = y + 13. What are the prime factors of t?
2
Suppose -16 + 10 = -2*z. Suppose 3*g + 42 = 3*j, g + z*g - 64 = -4*j. List the prime factors of j.
3, 5
Let z be (-2)/3 - (-33)/9. Suppose -3*m + 18 = z*s + m, 6 = -2*m. Suppose g - 31 = s. What are the prime factors of g?
41
Let z(r) = -r**2 - 47*r - 45. List the prime factors of z(-36).
3, 13
Suppose 0 = h + 5, -2*j = j + h - 139. Suppose 3*z - 27 = j. What are the prime factors of z?
5
Let x(y) = -y**2 - 14*y + 16. Let i be x(-11). Let h = -35 + i. List the prime factors of h.
2, 7
Let d(c) = 73*c. Let f(r) = 3*r - 5. Let w be f(2). Let j be d(w). Suppose -2*i + 0*a = a - j, 3*a = -9. What are the prime factors of i?
2, 19
Let g(c) = -c**3 + 4*c**2 + 3*c + 5. Let f be g(5). What are the prime factors of 10/f + 0 + 93?
7, 13
Let j(h) = 28*h**2 - 3*h + 1. List the prime factors of j(-1).
2
Let u = 63 - 29. Suppose -2*k + p + 68 = 0, 0 = -k + 3*p + u + 10. List the prime factors of ((-57)/4)/((-12)/k).
2, 19
Suppose 36731 = 24*d - 253. List the prime factors of d.
23, 67
Suppose -2*i = 5*l - 279, 3*i - 249 = i + 5*l. List the prime factors of (i - -1) + 16/(-8).
131
Let n = -112 - -450. List the prime factors of n.
2, 13
Let d(g) = -g**3 + 4*g**2 - 2*g. Let b be d(3). Let k be (148/10)/(9/45). Suppose y + k = b*q + 27, -q + 9 = y. List the prime factors of q.
2, 7
Let v be 15/4*(-24)/9. Let r = v + 27. Suppose 0 = -4*b + 2*m + 134, -b - 2*m + 19 = -r. List the prime factors of b.
2, 17
Suppose 367*o + 1276 = 371*o. List the prime factors of o.
11, 29
Suppose -2*s = -3*r - 2316, s = -5*r - 80 + 1238. What are the prime factors of s?
2, 3, 193
Suppose -3*h - 2*h = 3*v - 9, 0 = 3*h. Suppose 0 + v = -3*c, 2*c = 5*r - 592. What are the prime factors of r?
2, 59
Suppose 0 = 4*a - 0*a. Suppose p - 5*p = a. Suppose p = -4*u + n + 53, 4 - 2 = -2*n. List the prime factors of u.
13
Suppose 3*q = i + 4*q - 12, -2*i = 4*q - 18. Let w be (-18)/(-9*(-2)/12). Let z = w + i. What are the prime factors of z?
3
Suppose 3399 = v + 3*v - 3*z, v - 855 = -z. Suppose -h - 848 = 4*n, -2*h - v = 4*n - 0*h. Let d = -143 - n. What are the prime factors of d?
2, 17
Let r(o) be the second derivative of 0*o**2 + 0*o**4 + 1/20*o**5 + 7*o + 0*o**3 + 0. List the prime factors of r(3).
3
Let m = -1 - -3. Suppose -3*x = -3*z - 216, m*z - 339 = -2*x - 3*x. Suppose -54 = -i + 3*j + j, 2*i = -5*j + x. What are the prime factors of i?
2, 3, 7
Suppose 5*b - 5*q = -7 - 8, b - 7 = -q. Suppose 177 = b*y + y. List the prime factors of y.
59
Let o be (3/(-2))/(4/(-8)). Let d = o + -3. Suppose 3*f + r - 61 = d, -38 - 29 = -3*f + 2*r. What are the prime factors of f?
3, 7
Suppose 5*j + 4 = 19. Suppose -2*v + 2*k = -216, -2*v - 2*k + 554 = j*v. Suppose 5*b = g + v, -3*g = -2*b - 3*b + 100. What are the prime factors of b?
23
Let x(i) = -i + 15. Let d be x(13). List the prime factors of ((-24)/(-9))/(d/27).
2, 3
Let u(v) = v**3 + 10*v**2 + 14*v - 9. Let x be u(-8). Suppose -2*z - 28 - 56 = 0. What are the prime factors of (6/x)/((-6)/z)?
2, 3
Let r be 2/(-8) + 649/(-44). What are the prime factors of (4 - r/(-3))*(-3 - 100)?
103
Let s(f) = f**3 - 2*f**2 - 16*f - 3. Let h be s(9). Let r = h - 234. List the prime factors of r.
2, 3, 31
Let y = -204 + 675. List the prime factors of y.
3, 157
List the prime factors of (-108)/1242 + 104100/23.
2, 31, 73
Let h(x) = -2*x**2 + 6*x + 2. Let a be h(3). Let t = 22 - a. What are the prime factors of t?
2, 5
Let n(j) = j + 13. Let s be n(-6). Let t(k) = 3*k + 4. Let p be t(s). Suppose -p = -2*u + 29. List the prime factors of u.
3
Suppose 33*u = 29*u + 8. What are the prime factors of u?
2
Let y(p) = -89*p**3 + 2*p**2 + 2*p - 1. List the prime factors of y(-1).
2, 11
Let n(m) = 47*m**2 + 4*m - 29. List the prime factors of n(3).
2, 7, 29
Let o(n) = n**3 + 3*n**2 - 6*n + 11. What are the prime factors of o(11)?
11, 149
Suppose 0 = -4*n + a + 5604, 2784 = 2*n + 3*a - 8*a. What are the prime factors of n?
2, 701
Let w = 0 - -16. Suppose 2*q + t - 29 = 0, 3*q - 31 = -5*t + w. List the prime factors of q.
2, 7
Let w(m) = 2*m**3 - 7*m**2 + 12*m - 23. What are the prime factors of w(10)?
11, 127
Let s = 17 + -18. Let p be (6/(-16))/(s/8). Suppose 68 = p*h - 10. List the prime factors of h.
2, 13
Let a(g) = 3*g**2 + 376. List the prime factors of a(-23).
13, 151
Suppose -4*r + 5*h + 3115 = 0, -22*r + 27*r = 3*h + 3897. List the prime factors of r.
2, 3, 5, 13
Suppose 0 = z - h - 2, -3*z = -2*h - 0*h - 1. Let s(x) = -x**3 - 3*x**2 + 9*x + 10. Let d be s(-4). Let n = z - d. List the prime factors of n.
7
Let r(n) = n**2 - 3*n + 8. Let l be r(3). Let y(w) = -w**3 + 9*w**2 + w - 13. Let x be y(9). List the prime factors of x*(-52)/l - 3.
23
Let m be 2/(-4) + 38/4. Let h(d) = d**2 - 23*d + 74. Let s be h(21). Let n = m + s. List the prime factors of n.
41
Let w(v) = v**3 - 26*v**2 - 25*v - 8. Let p be w(27). Let y = -42 + p. What are the prime factors of y?
2
List the prime factors of ((-54)/36)/(5/(-12710)).
3, 31, 41
Let a = 61 - -39. List the prime factors of a.
2, 5
Let f(s) = 5*s**2 - 85*s + 1004. List the prime factors of f(41).
2, 1481
Let y = 8 - 11. Let p = y + 21. List the prime factors of p.
2, 3
Let c = -14 - -13. List the prime factors of (1/c)/(1/(-60)).
2, 3, 5
Suppose -81 = -4*y - 5*g, 5*y + 3*g - 40 = 58. Let r = y - 17. What are the prime factors of 4 + -4 + r + 19?
3, 7
Suppose -5*g - 2*o = 21, -3*g - 12 = -g - o. Let s(t) = -t**